i(-6). Let v be 72*(1 - r/(-4)). Let m(s) = 5*s**2 - 30*s - 2655. Let q be m(27). Calculate the highest common divisor of q and v.
36
Let n(p) = p**2 - p - 3. Let x be n(-5). Suppose 2468*q = 2483*q - 3375. What is the greatest common factor of q and x?
9
Suppose 17*y + 2*g = 21*y - 1772, 896 = 2*y - 6*g. What is the greatest common factor of 187 and y?
17
Suppose 3*t - 51*b = -56*b + 187, -5*t = -b - 321. Let d(p) = -16*p. Suppose 3*u = -u - 4. Let y be d(u). Calculate the greatest common divisor of t and y.
16
Let q(x) = 103*x - 314. Suppose 0 = -5*a + 3*i + 31, 0*i - i + 3 = a. Let b be q(a). What is the greatest common divisor of b and 335?
67
Let l = -24420 - -24636. What is the highest common factor of l and 120?
24
Let q = -38305 - -38375. Calculate the highest common factor of q and 1162.
14
Suppose 44386 = -22*v + 778499 + 391957. What is the greatest common divisor of v and 145?
145
Let u = 20814 + -20772. What is the greatest common divisor of 1242 and u?
6
Let j = -48 - -74. Let t = 604 + -344. Calculate the highest common factor of t and j.
26
Let h be (-2)/(-1) - 7/(35/(-335)). Suppose 3*q + 22 = x - 15, 0 = 2*x + 2*q - 98. What is the highest common factor of x and h?
23
Let a(q) = -14*q + 2. Let j be a(-3). Suppose 13*p - 58 - 76 = 9. Calculate the greatest common factor of j and p.
11
Suppose -1776 - 574 = -25*i. What is the greatest common divisor of 5499 and i?
47
Suppose 44*m - 42*m - 6*b - 14876 = 0, -5*b - 14874 = -2*m. What is the greatest common divisor of 8 and m?
8
Let k be 18 - (-6 + 16 + -7). Let m be 3/k - (-520)/25. What is the greatest common factor of m and 12?
3
Suppose 29*p - 130 - 276 = 0. What is the greatest common divisor of 37 and p?
1
Let x be -12*(-2)/6 + 1. Let o = -30 - -32. Suppose 5*p = -3*z + 105, o*z - 4*p + 28 = 3*z. Calculate the highest common divisor of z and x.
5
Let y = -14610 + 14666. Calculate the greatest common divisor of 520 and y.
8
Let v(h) = -153*h - 2265. Let w be v(-15). What is the highest common divisor of w and 1212?
6
Let c = 9311 - 9243. Suppose a - 24 = -a. Calculate the highest common divisor of a and c.
4
Suppose 200 = 4*m - 3*s - 95, 392 = 5*m + 4*s. Calculate the highest common factor of 14668 and m.
76
Suppose -q + 105767 = 4*n, -5*q = 5*n - 3*q - 132208. Calculate the greatest common divisor of n and 234.
234
Suppose 17*l - 13 = 4*l. Let t(a) = -1 - 3 - 9*a**2 + 2*a + 0*a - a + a**3. Let u be t(9). Calculate the greatest common divisor of u and l.
1
Let s be (1 - 2) + 2 + -4. Let t be -7*((-108)/(-14))/s. Suppose 54*d - 62*d = -96. What is the greatest common divisor of t and d?
6
Let n(f) = 7*f**3 + 45*f**2 + 15*f - 2. Let v be n(-6). What is the highest common divisor of v and 2192?
16
Let g = -27089 - -48132. What is the highest common factor of 11 and g?
11
Let w(t) = t**2 - 27*t - 72. Let a be w(-6). What is the greatest common divisor of a and 1596?
42
Suppose -x + q = -9, -3*x + 27 = -0*x - 5*q. Let b be (-10)/(-15)*x/2. Calculate the greatest common factor of b and 1.
1
Let d be 1*(-1 - (5 - 5))*6. Let g be ((-2925)/(-100))/(d/(-176)). Calculate the highest common divisor of g and 39.
39
Let f = -145 - -150. Suppose 2*k = 6, -f*c - k - 8 = -121. Calculate the greatest common divisor of c and 242.
22
Let w be (8066/24 - 3) + ((-38)/24)/19. Calculate the greatest common factor of w and 7437.
111
Let a be (198/(-8))/((-2)/7 - 154/(-1568)). What is the highest common divisor of 3740 and a?
44
Suppose 5*t - 22 = -j, -j + 3*t + 330 = 5*j. What is the greatest common factor of j and 286?
26
Let h be 4/66 - 10208/726. Let j be (h/21)/2*-90. What is the highest common factor of j and 285?
15
Let b(j) = -9*j - 2 + 9 + 0*j**2 + j**2. Let d(t) = -214*t + 1080. Let q be d(5). Let h be b(q). What is the highest common factor of h and 136?
17
Suppose p + 2 = 2*p - 2*b, 3*b - 7 = -p. Let t be ((-12)/(-14))/(p/504). What is the highest common factor of t and 12?
12
Let h be 2 + 12/(-3) + 13. Let p(m) = 4*m - 8. Let x be p(h). Let b = -2783 + 3107. Calculate the greatest common factor of b and x.
36
Let l = 4 + 8. Suppose 45*q - 17*q = 1904. Calculate the greatest common factor of q and l.
4
Suppose -3*b = 3*l - 9, -2*l - 2*b + 6 = -b. Suppose -i - 5*n + 1691 = 0, 4*n + 2682 = l*i - 2296. Calculate the greatest common factor of 98 and i.
98
Let q(h) = 3*h + 58. Let l be q(-15). Suppose -l*a + 14*a = 312. Suppose 0 = -x - 3*j + 54, -x - 3*j = x - 93. What is the greatest common factor of x and a?
39
Suppose -a - 1651 = -2*f, 4*f + 6*a - 3296 = 2*a. Suppose -3*n - 5*o = -f, 0*o + 2*o = 5*n - 1375. What is the greatest common factor of n and 44?
11
Suppose -393*v + 9072 = -267*v. What is the greatest common factor of 603 and v?
9
Suppose 283*q = -5442 + 9687. Let c be (5/4)/(3/468). What is the greatest common divisor of c and q?
15
Let y(d) = 4*d**2 + 3*d + 2. Let c be y(-2). Let h = 94 - 97. Let a(v) = -52*v - 153. Let x be a(h). Calculate the greatest common factor of x and c.
3
Let d(n) = n**3 + 3*n**2 - 58*n - 25. Let l be d(-8). What is the highest common factor of l and 833?
119
Let w = 19 - 9. Suppose -p + 0*x - 18 = 3*x, -5*p = x + 34. Let q be (p/(-9))/(2/30). What is the highest common divisor of q and w?
10
Suppose 5*p + 505 = -0*n + 5*n, -2*n = 4*p - 232. Let o be (3975/n)/((-2)/(-28)). Calculate the highest common divisor of o and 15.
15
Let w(a) = 20*a**3 + 2*a - 2. Let o = 81 - 90. Let l = -8 - o. Let c be w(l). What is the highest common factor of c and 160?
20
Let z = -167 - 113. Let m = 297 + z. What is the greatest common divisor of m and 68?
17
Let t(v) = -14*v**3 - 5*v**2 - 7. Let a be t(-4). Suppose a = 4*o - 255. What is the greatest common divisor of 14 and o?
14
Let f be (-2894)/(-20) - (-966)/3220. What is the greatest common factor of 1856 and f?
29
Let h = -14 + 15. Let q(t) = 11*t**2 + 8*t - 7. Let x be q(h). Let v = x - -56. Calculate the greatest common factor of 17 and v.
17
Let a = -245 - -343. Suppose 19*l - 5 = 18*l. Suppose u = l*u - 56. What is the greatest common factor of u and a?
14
Let c be (-1)/(-8) - 30/32*-2. Let q be (c - (-60)/5) + 2. What is the highest common factor of q and 56?
8
Let c(r) be the first derivative of -r**3/3 - 7*r**2 - 4*r + 65. Let q be c(-13). What is the greatest common factor of 297 and q?
9
Suppose 0 = -5*o + 263 + 17. Let i be -7 - (8/3)/((-272)/2856). What is the greatest common divisor of i and o?
7
Suppose -152*n - 2*v + 339 = -149*n, 97 = n - 2*v. Suppose 3488 = -2*l + 4*l. Calculate the highest common divisor of l and n.
109
Suppose -5*d + 10 = 0, 2*r + 3*r = -3*d - 24. Let c be (-3192)/(-18) + 2/r. What is the highest common factor of c and 59?
59
Let m be ((8 - -1) + 1)*10/(-20). Let o be 142/10 + m/25. Suppose -o*i + 2*i = -516. What is the greatest common factor of i and 344?
43
Let b(f) = 293*f**2 - 11*f + 21. Let x be b(2). Suppose -1267 + x = -8*v. Calculate the greatest common divisor of 3 and v.
3
Let n(z) = 13*z + 91. Let l be (-3 + -3)*5/10. Let y be n(l). What is the highest common divisor of 260 and y?
52
Let y(g) = -g**2 - 60*g + 22. Let a be y(-55). Calculate the greatest common divisor of 2241 and a.
27
Let l(d) = -6*d**3 - 19*d**2 - 3*d - 3. Let c be l(-6). What is the greatest common divisor of 33 and c?
33
Let x(u) = 67*u - 5. Suppose 8 = 4*i - 3*p, 4*i + 4*p - 23 + 15 = 0. Let r be x(i). What is the greatest common divisor of 86 and r?
43
Let a be (-3 - 18)/((-15)/35) + (1 - 5). What is the greatest common factor of a and 24705?
45
Suppose -2*g = -4*z - 245 + 1639, 1765 = 5*z + 2*g. Let t(w) = 4*w + 95. Let h be t(-14). What is the greatest common factor of z and h?
39
Suppose r = j + 10, r + 0*j - 20 = 3*j. Suppose 134*v - 133*v = 24. Let o = v + -9. Calculate the greatest common factor of r and o.
5
Suppose -4*t = 3*k - 88, -4*k + t + 98 = -k. Let y = 130 - 131. Let m be (-16)/y*(13 + (4 - -1)). What is the greatest common factor of m and k?
32
Let d be 2 - 4*(-5)/(80/(-12)). Let q be (2 - 1) + d + 0. Suppose 12 = 2*c - 2*h, q = -h + 4 - 3. Calculate the highest common factor of 49 and c.
7
Suppose 20*i - 7*i - 17*i = 0. Suppose i = -15*z - 7*z + 220. Suppose 0 = 3*j + 2*j - 250. Calculate the greatest common divisor of j and z.
10
Suppose -19*h + 21*h = 3666. Let l = h - 1259. Wha